{"id":1266,"date":"2021-03-02T08:43:46","date_gmt":"2021-03-02T07:43:46","guid":{"rendered":"https:\/\/mpk.kielce.pl\/mpk\/?page_id=1266"},"modified":"2021-03-24T13:53:39","modified_gmt":"2021-03-24T12:53:39","slug":"wdrozenie-programu-zdrowotnego-ukierunkowanego-na-eliminowanie-czynnikow-ryzyka-w-miejscupracy-pracownikow-miejskiego-przedsiebiorstwa-komunikacji-sp-z-o-o-w-kielcach","status":"publish","type":"page","link":"https:\/\/mpk.kielce.pl\/mpk\/wdrozenie-programu-zdrowotnego-ukierunkowanego-na-eliminowanie-czynnikow-ryzyka-w-miejscupracy-pracownikow-miejskiego-przedsiebiorstwa-komunikacji-sp-z-o-o-w-kielcach\/","title":{"rendered":"Wdro\u017cenie programu zdrowotnego ukierunkowanego na eliminowanie czynnik\u00f3w ryzyka w miejscu<br>pracy pracownik\u00f3w Miejskiego Przedsi\u0119biorstwa Komunikacji Sp. z o.o. w Kielcach"},"content":{"rendered":"\n<p>Projekt \u201eWdro\u017cenie programu zdrowotnego ukierunkowanego na eliminowanie czynnik\u00f3w ryzyka w miejscu pracy pracownik\u00f3w Miejskiego Przedsi\u0119biorstwa Komunikacji Sp. z o.o. w Kielcach\u201d realizowany jest w ramach Regionalnego Programu Operacyjnego Wojew\u00f3dztwa \u015awi\u0119tokrzyskiego na lata 2014-2020, O\u015b priorytetowa: RPSW.08.00.00 Rozw\u00f3j edukacji i aktywne spo\u0142ecze\u0144stwo, Dzia\u0142anie: RPSW.08.02.00 Aktywne i zdrowe starzenie si\u0119, Poddzia\u0142anie: RPSW.08.02.03 Wsparcie profilaktyki zdrowotnej &#8211; ZIT (projekty konkursowe)<\/p>\n\n\n\n<p>W ramach projektu przewiduje si\u0119:<\/p>\n\n\n\n<p>grupowe spotkania z lekarzami dla wszystkich uczestnik\u00f3w projektu,<\/p>\n\n\n\n<p>pakiet bada\u0144 podstawowych dla wszystkich uczestnik\u00f3w projektu,<\/p>\n\n\n\n<p>pakiet bada\u0144 poszerzonych dla os\u00f3b powy\u017cej 50 roku \u017cycia,<\/p>\n\n\n\n<p>konsultacje lekarskie,<\/p>\n\n\n\n<p>powstanie punktu wsparcia psychologicznego,<\/p>\n\n\n\n<p>wdro\u017cenie pakietu rehabilitacyjnego dla pracownik\u00f3w niepe\u0142nosprawnych.<\/p>\n\n\n\n<p>Projekt przewiduje us\u0142ugi zdrowotne w oparciu o Evidence based medicine<\/p>\n\n\n\n<p>Celem g\u0142\u00f3wnym projektu jest jest wyd\u0142u\u017cenie aktywno\u015bci zawodowej 572 os\u00f3b (74Ki498M) wszystkich pracownik\u00f3w MPK Kielce w wieku produkcyjnym pracuj\u0105cych lub zamieszka\u0142ych na terenie KOF poprzez wdro\u017cenie w MPK Kielce programu wspomagania i przekwalifikowywania oraz eliminowania czynnik\u00f3w ryzyka w miejscu pracy pracownik\u00f3w transportu publicznego tj. kierowc\u00f3w, pracownik\u00f3w fizycznych i pracownik\u00f3w biurowych (og\u00f3\u0142em 572 os, w tym74K i 498M, 315 os. w wieku 50+(289M,26K), 34 osoby z niepe\u0142nosprawno\u015bciami (26Mi8K). Cel zostanie osi\u0105gni\u0119ty w okresie realizacji projektu.<\/p>\n\n\n\n<p>Projekt zak\u0142ada osi\u0105gni\u0119cie nast\u0119puj\u0105cych wska\u017anik\u00f3w produktu:<\/p>\n\n\n\n<p>Liczba os\u00f3b w wieku 50 lat i wi\u0119cej obj\u0119tych wsparciem w programie \u2013 315 os\u00f3b<\/p>\n\n\n\n<p>Liczba os\u00f3b obj\u0119tych programem zdrowotnym dzi\u0119ki EFS \u2013 572 osoby<\/p>\n\n\n\n<p>Liczba os\u00f3b niepe\u0142nosprawnych obj\u0119tych wsparciem w projekcie \u2013 34 osoby<\/p>\n\n\n\n<p>Projekt zak\u0142ada osi\u0105gni\u0119cie nast\u0119puj\u0105cych wska\u017anik\u00f3w rezultatu:<\/p>\n\n\n\n<p>Liczba os\u00f3b, kt\u00f3re po opuszczeniu programu podj\u0119\u0142y prac\u0119 lub kontynuowa\u0142y zatrudnienie \u2013 572 osoby<\/p>\n\n\n\n<p>Liczba os\u00f3b, kt\u00f3re dzi\u0119ki interwencji EFS zg\u0142osi\u0142y si\u0119 na badanie profilaktyczne \u2013 572 osoby<\/p>\n\n\n\n<p>Koszty ca\u0142kowite projektu to: 495 718,10z\u0142.<br>Udzia\u0142 dofinansowania: 439 200,00 z\u0142.<br>Projekt realizowany od 01.02.2021 do 31.07.2021.<\/p>\n\n\n\n<p><a href=\"https:\/\/mpk.kielce.pl\/mpk\/wp-content\/uploads\/2020\/03\/SKM_C250i210309122700.pdf\">ZAPYTANIE OFERTOWE NR 1\/WPZUNECZRWMPPMPKSZOOWK\/2021<\/a><\/p>\n\n\n\n<p><a href=\"https:\/\/mpk.kielce.pl\/mpk\/wp-content\/uploads\/2020\/03\/SKM_C250i210324131700.pdf\">ZAWIADOMIENIE O WYBORZE OFERTY DO ZAPYTANIA OFERTOWEGO NR 1\/WPZUNECZRWMPPMPKSZOOWK\/2021<\/a><\/p>\n","protected":false},"excerpt":{"rendered":"<p>Projekt \u201eWdro\u017cenie programu zdrowotnego ukierunkowanego na eliminowanie czynnik\u00f3w ryzyka w miejscu pracy pracownik\u00f3w Miejskiego Przedsi\u0119biorstwa Komunikacji Sp. z o.o. w [&hellip;]<\/p>\n","protected":false},"author":1,"featured_media":0,"parent":0,"menu_order":0,"comment_status":"closed","ping_status":"closed","template":"","meta":[],"folder":[],"aioseo_notices":[],"_links":{"self":[{"href":"https:\/\/mpk.kielce.pl\/mpk\/wp-json\/wp\/v2\/pages\/1266"}],"collection":[{"href":"https:\/\/mpk.kielce.pl\/mpk\/wp-json\/wp\/v2\/pages"}],"about":[{"href":"https:\/\/mpk.kielce.pl\/mpk\/wp-json\/wp\/v2\/types\/page"}],"author":[{"embeddable":true,"href":"https:\/\/mpk.kielce.pl\/mpk\/wp-json\/wp\/v2\/users\/1"}],"replies":[{"embeddable":true,"href":"https:\/\/mpk.kielce.pl\/mpk\/wp-json\/wp\/v2\/comments?post=1266"}],"version-history":[{"count":3,"href":"https:\/\/mpk.kielce.pl\/mpk\/wp-json\/wp\/v2\/pages\/1266\/revisions"}],"predecessor-version":[{"id":1296,"href":"https:\/\/mpk.kielce.pl\/mpk\/wp-json\/wp\/v2\/pages\/1266\/revisions\/1296"}],"wp:attachment":[{"href":"https:\/\/mpk.kielce.pl\/mpk\/wp-json\/wp\/v2\/media?parent=1266"}],"wp:term":[{"taxonomy":"folder","embeddable":true,"href":"https:\/\/mpk.kielce.pl\/mpk\/wp-json\/wp\/v2\/folder?post=1266"}],"curies":[{"name":"wp","href":"https:\/\/api.w.org\/{rel}","templated":true}]}}